f 4171?
4
What is the ten thousands digit of 31301?
3
What is the thousands digit of 8430?
8
What is the thousands digit of 57629?
7
What is the tens digit of 876?
7
What is the units digit of 3375?
5
What is the thousands digit of 41280?
1
What is the thousands digit of 14321?
4
What is the hundreds digit of 20969?
9
What is the hundreds digit of 1839?
8
What is the tens digit of 3919?
1
What is the hundreds digit of 1866?
8
What is the units digit of 21244?
4
What is the thousands digit of 143526?
3
What is the units digit of 245?
5
What is the units digit of 996?
6
What is the units digit of 42655?
5
What is the ten thousands digit of 15498?
1
What is the hundreds digit of 35835?
8
What is the units digit of 62059?
9
What is the units digit of 1731?
1
What is the thousands digit of 4823?
4
What is the tens digit of 3123?
2
What is the units digit of 543?
3
What is the units digit of 609?
9
What is the tens digit of 2599?
9
What is the tens digit of 45909?
0
What is the tens digit of 1142?
4
What is the hundreds digit of 3755?
7
What is the tens digit of 52341?
4
What is the hundreds digit of 337?
3
What is the hundreds digit of 48104?
1
What is the units digit of 51283?
3
What is the hundreds digit of 531?
5
What is the hundreds digit of 27322?
3
What is the thousands digit of 4198?
4
What is the hundreds digit of 11373?
3
What is the tens digit of 1548?
4
What is the tens digit of 3008?
0
What is the ten thousands digit of 42394?
4
What is the hundreds digit of 68790?
7
What is the hundreds digit of 736?
7
What is the tens digit of 17333?
3
What is the hundreds digit of 782?
7
What is the tens digit of 2201?
0
What is the hundreds digit of 4686?
6
What is the units digit of 929?
9
What is the tens digit of 1203?
0
What is the units digit of 93653?
3
What is the units digit of 493?
3
What is the units digit of 26743?
3
What is the units digit of 7047?
7
What is the tens digit of 43860?
6
What is the hundreds digit of 2246?
2
What is the hundreds digit of 4424?
4
What is the tens digit of 2776?
7
What is the tens digit of 19219?
1
What is the hundreds digit of 1168?
1
What is the units digit of 51497?
7
What is the hundreds digit of 8317?
3
What is the tens digit of 2654?
5
What is the hundreds digit of 52145?
1
What is the ten thousands digit of 35781?
3
What is the units digit of 99459?
9
What is the hundreds digit of 3074?
0
What is the hundreds digit of 930?
9
What is the tens digit of 30324?
2
What is the hundreds digit of 896?
8
What is the tens digit of 16211?
1
What is the units digit of 4480?
0
What is the tens digit of 12683?
8
What is the hundreds digit of 2519?
5
What is the hundreds digit of 3053?
0
What is the thousands digit of 3719?
3
What is the hundreds digit of 1513?
5
What is the hundreds digit of 841?
8
What is the units digit of 219?
9
What is the units digit of 3506?
6
What is the hundreds digit of 7940?
9
What is the hundred thousands digit of 103225?
1
What is the thousands digit of 14503?
4
What is the thousands digit of 2527?
2
What is the ten thousands digit of 13457?
1
What is the units digit of 4791?
1
What is the units digit of 16933?
3
What is the thousands digit of 8904?
8
What is the tens digit of 6961?
6
What is the units digit of 20?
0
What is the hundreds digit of 1518?
5
What is the hundreds digit of 4393?
3
What is the tens digit of 10753?
5
What is the hundreds digit of 8345?
3
What is the tens digit of 5813?
1
What is the units digit of 5959?
9
What is the hundred thousands digit of 138479?
1
What is the thousands digit of 14498?
4
What is the tens digit of 25671?
7
What is the thousands digit of 4045?
4
What is the tens digit of 177?
7
What is the tens digit of 2765?
6
What is the units digit of 25272?
2
What is the thousands digit of 15652?
5
What is the units digit of 974?
4
What is the tens digit of 16078?
7
What is the tens digit of 15820?
2
What is the units digit of 23518?
8
What is the ten thousands digit of 43530?
4
What is the units digit of 260?
0
What is the tens digit of 385?
8
What is the ten thousands digit of 39123?
3
What is the units digit of 24491?
1
What is the units digit of 84302?
2
What is the hundreds digit of 3828?
8
What is the hundreds digit of 75101?
1
What is the hundreds digit of 4263?
2
What is the hundreds digit of 109354?
3
What is the units digit of 2434?
4
What is the tens digit of 476?
7
What is the tens digit of 15034?
3
What is the units digit of 2191?
1
What is the units digit of 7064?
4
What is the units digit of 7674?
4
What is the units digit of 9877?
7
What is the units digit of 852?
2
What is the tens digit of 391?
9
What is the hundreds digit of 14159?
1
What is the tens digit of 7796?
9
What is the hundreds digit of 3513?
5
What is the ten thousands digit of 13809?
1
What is the ten thousands digit of 31301?
3
What is the hundreds digit of 1144?
1
What is the hundreds digit of 1282?
2
What is the hundreds digit of 117977?
9
What is the tens digit of 7825?
2
What is the thousands digit of 9035?
9
What is the hundreds digit of 21610?
6
What is the thousands digit of 3600?
3
What is the tens digit of 1634?
3
What is the hundreds digit of 1074?
0
What is the tens digit of 665?
6
What is the hundreds digit of 712?
7
What is the units digit of 13119?
9
What is the units digit of 4493?
3
What is the tens digit of 2219?
1
What is the units digit of 9761?
1
What is the ten thousands digit of 12160?
1
What is the hundreds digit of 15025?
0
What is the hundreds digit of 209?
2
What is the thousands digit of 112053?
2
What is the units digit of 1145?
5
What is the units digit of 402?
2
What is the tens digit of 13327?
2
What is the tens digit of 4770?
7
What is the thousands digit of 11360?
1
What is the tens digit of 6035?
3
What is the thousands digit of 3225?
3
What is the hundreds digit of 37906?
9
What is the hundreds digit of 14008?
0
What is the hundreds digit of 1074?
0
What is the units digit of 767?
7
What is the units digit of 42205?
5
What is the thousands digit of 4054?
4
What is the tens digit of 130146?
4
What is the units digit of 1340?
0
What is the thousands digit of 91262?
1
What is the units digit of 27644?
4
What is the thousands digit of 15873?
5
What is the units digit of 614?
4
What is the hundreds digit of 204?
2
What is the hundreds digit of 23048?
0
What is the hundreds digit of 3699?
6
What is the tens digit of 22401?
0
What is the hundreds digit of 12542?
5
What is the units digit of 1836?
6
What is the units digit of 2499?
9
What is the units digit of 11045?
5
What is the thousands digit of 7132?
7
What is the hundreds digit of 750?
7
What is the hundreds digit of 1393?
3
What is the tens digit of 10865?
6
What is the tens digit of 7526?
2
What is the tens digit of 35?
3
What is the ten thousands digit of 29540?
2
What is the ten thousands digit of 10063?
1
What is the units digit of 2087?
7
What is the units digit of 24981?
1
What is the hundreds digit of 1249?
2
What is the units digit of 20680?
0
What is the units digit of 53438?
8
What is the thousands digit of 4749?
4
What is the hundreds digit of 1459?
4
What is the ten thousands digit of 34910?
3
What is the hundreds digit of 392?
3
What is the units digit of 2055?
5
What is the units digit of 1225?
5
What is the tens digit of 28181?
8
What is the hundreds digit of 8845?
8
What is the thousands digit of 31231?
1
What is the tens digit of 326?
2
What is the hundreds digit of 1077?
0
What is the hundreds digit of 1786?
7
What is the tens digit of 8942?
4
What is the ten thousands digit of 23517?
2
What is the hundreds digit of 6060?
0
What is the hundreds digit of 104680?
6
What is the hundreds digit of 64415?
4
What is the units digit of 2434?
4
What is the units digit of 63536?
6
What is the tens digit of 16897?
9
What is the hundreds digit of 578?
5
What is the tens digit of 796?
9
What is the tens digit of 58724?
2
What is the thousands digit of 75583?
5
What is the hundreds digit of 68165?
1
What is the ten thousands digit of 45511?
4
What is the tens digit of 95542?
4
What is the units digit of 18856?
6
What is the thousands digit of 3308?
3
What is the units digit of 982?
2
What is the hundreds digit of 267?
2
What is the hundreds digit of 1644?
6
What is the tens digit o